{"id":106,"date":"2026-03-28T17:05:36","date_gmt":"2026-03-28T16:05:36","guid":{"rendered":"https:\/\/lesouffledulien.com\/?page_id=106"},"modified":"2026-03-28T17:51:11","modified_gmt":"2026-03-28T16:51:11","slug":"aidez","status":"publish","type":"page","link":"https:\/\/lesouffledulien.com\/index.php\/aidez\/","title":{"rendered":"Aider"},"content":{"rendered":"\n<p><em>Rep\u00e9rer une personne isol\u00e9e ou en besoin de soutien<\/em><\/p>\n\n\n\n<p>Dans le cadre de l\u2019association <strong>Droit aux Soins Solidarit\u00e9<\/strong>, nous souhaitons aller \u00e0 la rencontre des personnes isol\u00e9es, fragilis\u00e9es ou en difficult\u00e9, qui pourraient b\u00e9n\u00e9ficier d\u2019un accompagnement bienveillant et de s\u00e9ances de Shiatsu.<\/p>\n\n\n\n<p>Si vous connaissez une personne (voisin\u00b7e, proche, b\u00e9n\u00e9ficiaire, patient\u00b7e, etc.) qui traverse une p\u00e9riode difficile, qui manque de soutien ou qui aurait besoin d\u2019une \u00e9coute et d\u2019un accompagnement compl\u00e9mentaire, vous pouvez nous transmettre ses coordonn\u00e9es via ce formulaire.<\/p>\n\n\n\n<p>Notre d\u00e9marche est fond\u00e9e sur :<\/p>\n\n\n\n<ul class=\"wp-block-list\">\n<li>Le respect de la dignit\u00e9 et du consentement de la personne<\/li>\n\n\n\n<li>La confidentialit\u00e9 des informations transmises<\/li>\n\n\n\n<li>Une prise de contact douce et respectueuse, sans aucune obligation<\/li>\n<\/ul>\n\n\n\n<p>Nous contacterons la personne uniquement pour lui pr\u00e9senter notre d\u00e9marche et lui proposer, si elle le souhaite, un accompagnement en Shiatsu adapt\u00e9 \u00e0 sa situation.<\/p>\n\n\n\n<p>Merci de nous aider \u00e0 faire vivre la solidarit\u00e9 et l\u2019acc\u00e8s aux soins pour tous.<\/p>\n\n\n\n<p><\/p>\n\n\n\n<p><em><strong>Signalement d\u2019une personne isol\u00e9e ou en besoin de soutien<\/strong><\/em><\/p>\n\n\n\n<p>Dans le cadre de son action solidaire, l\u2019association <strong>Droit aux Soins Solidarit\u00e9<\/strong> propose un accompagnement bienveillant incluant, notamment, la pratique du Shiatsu et de la moxibustion Japonaise, \u00e0 destination de personnes isol\u00e9es ou en situation de fragilit\u00e9.<\/p>\n\n\n\n<p>Ce formulaire vous permet de nous transmettre les coordonn\u00e9es d\u2019une personne susceptible d\u2019avoir besoin de soutien.<\/p>\n\n\n\n<p>\u2696\ufe0f<strong> Information importante \u2013 Consentement et protection des donn\u00e9es<\/strong><\/p>\n\n\n\n<p>Avant toute transmission d\u2019informations, vous devez vous assurer que :<\/p>\n\n\n\n<ul class=\"wp-block-list\">\n<li>La personne concern\u00e9e a \u00e9t\u00e9 inform\u00e9e de votre d\u00e9marche<\/li>\n\n\n\n<li>Elle a donn\u00e9 son accord pour que ses coordonn\u00e9es soient transmises \u00e0 notre association<\/li>\n\n\n\n<li>Elle accepte d\u2019\u00eatre contact\u00e9e par nos soins<\/li>\n<\/ul>\n\n\n\n<p>Aucune prise de contact ne sera effectu\u00e9e sans respect de ces conditions.<\/p>\n\n\n\n<p>\ud83d\udd12<strong> Protection des donn\u00e9es personnelles (RGPD)<\/strong><\/p>\n\n\n\n<p>Les informations collect\u00e9es via ce formulaire sont destin\u00e9es exclusivement \u00e0 l\u2019association <strong>Droit aux Soins Solidarit\u00e9<\/strong> afin de permettre une prise de contact dans le cadre de ses actions solidaires.<\/p>\n\n\n\n<ul class=\"wp-block-list\">\n<li>Les donn\u00e9es ne seront ni vendues ni c\u00e9d\u00e9es \u00e0 des tiers.<\/li>\n\n\n\n<li>Elles seront conserv\u00e9es uniquement le temps n\u00e9cessaire \u00e0 la prise de contact et \u00e0 l\u2019\u00e9valuation de la demande.<\/li>\n\n\n\n<li>En l\u2019absence de suite ou en cas de refus de la personne, les donn\u00e9es seront supprim\u00e9es dans un d\u00e9lai raisonnable.<\/li>\n<\/ul>\n\n\n\n<p>Conform\u00e9ment au R\u00e8glement G\u00e9n\u00e9ral sur la Protection des Donn\u00e9es (RGPD \u2013 UE 2016\/679) et \u00e0 la loi Informatique et Libert\u00e9s, toute personne concern\u00e9e dispose d\u2019un droit d\u2019acc\u00e8s, de rectification, d\u2019opposition, d\u2019effacement et de limitation du traitement de ses donn\u00e9es.<\/p>\n\n\n\n<p>Ces droits peuvent \u00eatre exerc\u00e9s en contactant :<br><strong><a href=\"mailto:contact@lesouffledulien.com\">contact@lesouffledulien.com<\/a><\/strong><br>ou par courrier \u00e0 :<br><strong>Le souffle du lien, 9 route des Estables 43150 Laussonne<\/strong><\/p>\n\n\n\n<div class=\"wp-block-buttons is-layout-flex wp-block-buttons-is-layout-flex\">\n<div class=\"wp-block-button\"><a class=\"wp-block-button__link wp-element-button\">Document \u00e0 remplir<\/a><\/div>\n<\/div>\n\n\n\n<p><\/p>\n","protected":false},"excerpt":{"rendered":"<p>Rep\u00e9rer une personne isol\u00e9e ou en besoin de soutien Dans le cadre de l\u2019association Droit aux Soins Solidarit\u00e9, nous souhaitons aller \u00e0 la rencontre des personnes isol\u00e9es, fragilis\u00e9es ou en difficult\u00e9, qui pourraient b\u00e9n\u00e9ficier d\u2019un accompagnement bienveillant et de s\u00e9ances de Shiatsu. Si vous connaissez une personne (voisin\u00b7e, proche, b\u00e9n\u00e9ficiaire, patient\u00b7e, etc.) qui traverse une &hellip; <\/p>\n<p class=\"link-more\"><a href=\"https:\/\/lesouffledulien.com\/index.php\/aidez\/\" class=\"more-link\">Continuer la lecture<span class=\"screen-reader-text\"> de &laquo;&nbsp;Aider&nbsp;&raquo;<\/span><\/a><\/p>\n","protected":false},"author":1,"featured_media":0,"parent":0,"menu_order":0,"comment_status":"closed","ping_status":"closed","template":"","meta":{"footnotes":""},"class_list":["post-106","page","type-page","status-publish","hentry"],"jetpack_sharing_enabled":true,"_links":{"self":[{"href":"https:\/\/lesouffledulien.com\/index.php\/wp-json\/wp\/v2\/pages\/106","targetHints":{"allow":["GET"]}}],"collection":[{"href":"https:\/\/lesouffledulien.com\/index.php\/wp-json\/wp\/v2\/pages"}],"about":[{"href":"https:\/\/lesouffledulien.com\/index.php\/wp-json\/wp\/v2\/types\/page"}],"author":[{"embeddable":true,"href":"https:\/\/lesouffledulien.com\/index.php\/wp-json\/wp\/v2\/users\/1"}],"replies":[{"embeddable":true,"href":"https:\/\/lesouffledulien.com\/index.php\/wp-json\/wp\/v2\/comments?post=106"}],"version-history":[{"count":4,"href":"https:\/\/lesouffledulien.com\/index.php\/wp-json\/wp\/v2\/pages\/106\/revisions"}],"predecessor-version":[{"id":112,"href":"https:\/\/lesouffledulien.com\/index.php\/wp-json\/wp\/v2\/pages\/106\/revisions\/112"}],"wp:attachment":[{"href":"https:\/\/lesouffledulien.com\/index.php\/wp-json\/wp\/v2\/media?parent=106"}],"curies":[{"name":"wp","href":"https:\/\/api.w.org\/{rel}","templated":true}]}}